 Let g be i(-2). Let l(r) = 102*r + 4. What is the hundreds digit of l(g)?
1
Suppose 11*h + 44 = -22. Let y(z) = z**2 + 8*z + 19. What is the units digit of y(h)?
7
Let n(r) = -r**3 - 7*r**2 - r - 3. Let f be n(-7). Suppose -3*i - i - 14 = 2*t, -t - f*i - 17 = 0. What is the tens digit of -30*((-6)/t)/2?
3
Suppose 0 = 2*b + 2*m - 662, -3*m + 825 = 5*b - 840. Suppose -6*n + b = n. What is the units digit of n?
8
Let n be 5/20 - (-151)/4. Suppose f - 42 = -4*u - 4, -5*f = 5*u - 130. Let q = n - f. What is the units digit of q?
6
Suppose -30 = -4*r - h, -5*h + 1 + 21 = 4*r. Suppose 5*u = -r + 158. What is the tens digit of u?
3
Let b(d) = -20*d - 22. Let n be b(-12). Let f = -152 + n. What is the units digit of f?
6
What is the units digit of 1 + -1 + 23/((-230)/(-11140))?
4
Let l(o) = -2*o**2 + o - 23. Let t be l(0). Let r(b) = -b + 30. What is the tens digit of r(t)?
5
Let l be -3 - 0 - (-2)/(2/5). Suppose 3*n - p + 3*p - 117 = 0, -l*p - 39 = -n. What is the tens digit of n?
3
Let y(w) = 3*w - 3. Suppose 0 = -b - j + 1, b + 5*j + 1 = -10. Suppose b*u = 15 + 5. What is the tens digit of y(u)?
1
Let x = -302 + 857. What is the units digit of x?
5
Let k(i) = 249*i - 6. Let v(o) = 50*o - 1. Let u(w) = -2*k(w) + 11*v(w). Let n be u(-1). Let d = -31 - n. What is the tens digit of d?
2
Let d(n) = n**3 + 5*n**2 - 8*n + 19. Let k(c) = 2*c**3 + 9*c**2 - 16*c + 39. Let b(m) = -5*d(m) + 2*k(m). What is the tens digit of b(-9)?
7
Let h(q) = q**2 + 6*q + 14. Let g be h(-8). What is the units digit of (-4 + g/4)*30?
5
Let h(b) = -b**2 - 17*b - 44. What is the tens digit of h(-12)?
1
Let u = -2 - -12. Suppose o - u = -6. What is the units digit of o?
4
Let f be 3/(-4) + 3695/20. What is the units digit of (-9)/6*f/(-3)?
2
Let u = -6 + 6. Let b be (u/1)/((-4)/4). Suppose -5*v - 77 = -2*t, -2*t + b*v + 57 = -v. What is the tens digit of t?
2
Let b(s) = 15*s**2 - 62*s + 431. What is the thousands digit of b(15)?
2
Let t(u) = u**3 - 3*u**2 + 2*u - 1. Let x be t(4). Let w = x - 21. Suppose -w*s = -4*s + 70. What is the tens digit of s?
3
Let h(t) = -t**3 + 3*t**2 + t - 1. Let m be h(2). Suppose -7*j + 10 = -25. Suppose 3*d - j*p - 24 = -d, 5*d = m*p + 30. What is the units digit of d?
6
Suppose -31*p + 9604 + 10887 = 0. What is the hundreds digit of p?
6
Let d(h) be the third derivative of -h**6/120 - h**5/20 - h**4/12 - 2*h**3/3 - 2*h**2. Let n be d(-3). What is the units digit of (-1 + n)*(-4)/(-2)?
2
Let s be (55/20)/((-2)/(-264)). What is the units digit of (-4)/40*-4 + s/5?
3
Let l(h) = 23*h**2 - h. Let i(k) = 2*k - 3. Let p be i(2). Let f be l(p). Suppose w = -3*w + 2*n + 38, 2*w + 2*n - f = 0. What is the tens digit of w?
1
Let m(u) = -5*u + 3. Let n be m(3). Let f = n + 13. What is the tens digit of 15 - (f + (2 - 2))?
1
Suppose 0 = -40*i + 24*i + 10656. What is the tens digit of i?
6
What is the units digit of 136 + 1 + -7 + (63 - 50)?
3
Suppose -4*v = -3*v - 412. What is the tens digit of v/20 + 10/25?
2
Suppose 4*l = -3*p - 0*l + 1944, -l + 649 = p. Suppose 5*g - 148 = p. What is the units digit of g?
0
Let q = 94 - -1330. What is the tens digit of q?
2
Suppose -g + s + 244 = 3*s, -4*g - s = -948. What is the units digit of g?
6
Suppose -p - 102 = 4*c, -328 = 21*p - 17*p - 4*c. Let h = p + 130. What is the tens digit of h?
4
Let s be 2/8 + (-12)/(-16). Let z(o) be the first derivative of o**3 - o - 45. What is the units digit of z(s)?
2
Let n be 4/(-6)*(5 - 505 - -2). Suppose -4*u - 2*k - 2*k + n = 0, k = -4*u + 344. What is the units digit of u?
7
Let x = 795 + 606. What is the tens digit of x?
0
Let g = -1282 - -1301. What is the tens digit of g?
1
Suppose 2*i + 319 = -5*p, 7*p - 3*p = i - 250. Let r = -42 - p. Let w = r + -5. What is the units digit of w?
6
Let b(a) = -1. Let h(g) = 7*g - 6. Suppose -2*q = 2*m + 8, 2*q + 5 = -5*m - 0. Let z(r) = m*h(r) + 2*b(r). What is the tens digit of z(6)?
3
Suppose -361 - 112 = -m + 5*k, -5*m + k + 2389 = 0. What is the hundreds digit of m?
4
Suppose 9*a + 1787 = 3*l + 7*a, -2*l - a + 1189 = 0. What is the hundreds digit of l?
5
What is the units digit of (-11588)/(-12) - 1 - (-20)/(-30)?
4
Let s = -8 - -9. Suppose 0 = 3*n + 2*f - 0*f + s, 4*n + 3*f + 3 = 0. Let o = 16 - n. What is the units digit of o?
3
Let g(q) = q - 4. Let d be g(-2). What is the tens digit of (159/d)/((-8)/16)?
5
Suppose a = 2 - 1, 5*m + 5*a - 1465 = 0. Let q = m + -61. What is the units digit of q?
1
Suppose -u + 5015 = 2*y - 8309, -2*u - 33292 = -5*y. What is the thousands digit of y?
6
Suppose -60 = -2*k - 8. Suppose -4*d - k = 5*x, 2*x - 4 = 2*d - 0*d. What is the units digit of 480/18 - x/(-3)?
6
Suppose 0*u - 112 = -c - u, 215 = 2*c - u. What is the tens digit of c?
0
Suppose -1983 = -i + f, -5941 = -10*i + 7*i + 5*f. What is the units digit of i?
7
Let n(g) = -2*g + 16. Let h be n(8). Suppose -3*r + 6*r - 711 = h. What is the units digit of r?
7
Let j(v) = -24*v + 676. What is the hundreds digit of j(-28)?
3
Let k(r) = -r**2 - 15*r + 74. Let h be k(-17). What is the hundreds digit of (h/(-15)*-6)/((-4)/(-34))?
1
Suppose 3*m = 4330 + 476. Suppose -13*v + m = 94. What is the hundreds digit of v?
1
Let k(u) = -2*u - 8. Let d be k(-6). Suppose -o = -3*o + 106. Suppose -d*n + 55 = -o. What is the tens digit of n?
2
Suppose -227 = 5*k - 237. Suppose -z + 602 = k*m + 144, 474 = 2*m - 3*z. What is the tens digit of m?
3
What is the hundreds digit of (-12 - -14)*(-2562)/(-4)?
2
Suppose -7*q = -3*q + 44. Let w = q + 13. Suppose -w*p - 2 = -22. What is the tens digit of p?
1
Let y = 389 + 603. What is the tens digit of y?
9
Suppose -5*h + r + 1950 = 0, 2*h - 768 = -0*r - 2*r. What is the units digit of h?
9
Let l = -459 + 748. What is the units digit of l?
9
Let t be (35/(-10) + 4)/((-1)/(-6)). Suppose t*m - 311 = -2*z, z + 3*m - 174 = -17. What is the tens digit of z?
5
Suppose 5*s = -5*p + 65, 37 = 5*s - 2*p - 0*p. Let q = -4 + s. Suppose q*h + h = 276. What is the units digit of h?
6
Let q be 6*-3*6/(-2). Let y = -26 + 31. Suppose q = 3*s - 2*r + 2, y*s + r = 104. What is the tens digit of s?
2
Let f = 25 + 21. Let o = -10 - 7. Let y = o + f. What is the units digit of y?
9
Suppose 2*a = -4*a + 1974. Suppose -4*w - 6 = -w, 2*l = 2*w + 4. What is the tens digit of (l + -2)*a/(-14)?
4
Let s(q) = q**2 - 11*q - 11. Let x be s(12). What is the units digit of (-1)/x + (-1357)/(-23)?
8
Let g(b) = b**3 - 6*b**2 + 18*b + 22. What is the hundreds digit of g(9)?
4
Let k(o) = -6*o + 9*o + 13*o - 30. What is the units digit of k(8)?
8
Let i = 60 - 24. Let n be i + (-2)/(-1 + 3). Let r = n - 12. What is the tens digit of r?
2
Let l be (2 - (-51)/(-12))/(6/(-64)). Suppose -11 = -l*j + 13. What is the units digit of j?
1
Suppose 3*d = -3*a + 6648, -d = -0*d + 1. What is the tens digit of a?
1
Let m be 1/(-1 - 0) + 2. What is the units digit of 170/2 - (1 - 3/m)?
7
Let y(c) = -c**2 + 4*c - 4. Let x be y(5). Let b = x - -23. What is the tens digit of b?
1
Let r(h) = -4 + 0 + h + 2. Let j be r(2). Suppose -3*q - 55 + 157 = j. What is the tens digit of q?
3
Let t be (-36)/2 + (-3 - -1). Suppose -3*x - 7*l - 22 = -2*l, l + 22 = -5*x. What is the units digit of 230/25 - x/t?
9
Let b(r) = -r + 13. Let i be b(12). Suppose 4*q = 2*j + 46, -i = -q + 4*j - 0. What is the units digit of q?
3
Let g(q) = q + 12. Let u be g(-6). Let t be 2/4 + 30/4. Suppose -u*r + 2*o + 54 = -r, -o + t = r. What is the units digit of r?
0
Let m be 12/48 - ((-22)/(-8))/(-1). Suppose 4*h - 2*o - 612 = 0, -2*h = -5*h - m*o + 459. What is the units digit of h?
3
Suppose -4*q = -2*q - 5*v - 1195, 15 = -5*v. What is the units digit of q?
0
Suppose -f + 1189 - 109 = -2*a, 5*a + 4335 = 4*f. What is the units digit of f?
0
Let v(k) = -k**3 + k**2 - k - 1. Let p be v(0). What is the tens digit of (21/(-14))/(p/42)?
6
Suppose -u - 3*k = -596, -3*u - 3*k = -5*k - 1810. What is the tens digit of u?
0
Suppose -4*v + 576 = -4*l, 0 = 2*l - 4 - 0. Suppose -3*u + 4*g = -v, -g + 196 = 4*u - 6*g. What is the units digit of u?
4
Let l(g) = g**3 - 3*g**2 - 7. Let i be l(5). Suppose 2*o - 2*b - i = 5, 6 = 3*b. Suppose r + 28 = m, 0 = m + 5*r - 4*r - o. What is the tens digit of m?
2
Let i = -814 - -1492. What is the units digit of i?
8
Suppose 57 = 8*d - 87. Let r = 120 + d. What is the units digit of r?
8
